{"id":16,"date":"2018-08-27T12:16:33","date_gmt":"2018-08-27T12:16:33","guid":{"rendered":"https:\/\/websitedemos.net\/alex19\/?page_id=10"},"modified":"2020-06-10T19:17:29","modified_gmt":"2020-06-10T19:17:29","slug":"kostenlose-beratung","status":"publish","type":"page","link":"https:\/\/hausnotruf-fuer-senioren.de\/?page_id=16","title":{"rendered":"Kostenlose Beratung"},"content":{"rendered":"\t\t<div data-elementor-type=\"wp-post\" data-elementor-id=\"16\" class=\"elementor elementor-16\">\n\t\t\t\t\t\t<div class=\"elementor-inner\">\n\t\t\t\t<div class=\"elementor-section-wrap\">\n\t\t\t\t\t\t\t\t\t<section class=\"elementor-section elementor-top-section elementor-element elementor-element-226bc03 elementor-section-boxed elementor-section-height-default elementor-section-height-default\" data-id=\"226bc03\" data-element_type=\"section\" data-settings=\"{&quot;background_background&quot;:&quot;classic&quot;}\">\n\t\t\t\t\t\t\t<div class=\"elementor-background-overlay\"><\/div>\n\t\t\t\t\t\t\t<div class=\"elementor-container elementor-column-gap-no\">\n\t\t\t\t\t\t\t<div class=\"elementor-row\">\n\t\t\t\t\t<div class=\"elementor-column elementor-col-100 elementor-top-column elementor-element elementor-element-50d1d5b\" data-id=\"50d1d5b\" data-element_type=\"column\">\n\t\t\t<div class=\"elementor-column-wrap elementor-element-populated\">\n\t\t\t\t\t\t\t<div class=\"elementor-widget-wrap\">\n\t\t\t\t\t\t<div class=\"elementor-element elementor-element-256d48a elementor-widget elementor-widget-heading\" data-id=\"256d48a\" data-element_type=\"widget\" data-widget_type=\"heading.default\">\n\t\t\t\t<div class=\"elementor-widget-container\">\n\t\t\t<h5 class=\"elementor-heading-title elementor-size-default\">Kostenlose Beratung<\/h5>\t\t<\/div>\n\t\t\t\t<\/div>\n\t\t\t\t<div class=\"elementor-element elementor-element-8c0d8b6 elementor-widget elementor-widget-heading\" data-id=\"8c0d8b6\" data-element_type=\"widget\" data-widget_type=\"heading.default\">\n\t\t\t\t<div class=\"elementor-widget-container\">\n\t\t\t<h1 class=\"elementor-heading-title elementor-size-xl\">Kontaktformular<\/h1>\t\t<\/div>\n\t\t\t\t<\/div>\n\t\t\t\t\t\t<\/div>\n\t\t\t\t\t<\/div>\n\t\t<\/div>\n\t\t\t\t\t\t\t\t<\/div>\n\t\t\t\t\t<\/div>\n\t\t<\/section>\n\t\t\t\t<section class=\"elementor-section elementor-top-section elementor-element elementor-element-df83d1b elementor-section-boxed elementor-section-height-default elementor-section-height-default\" data-id=\"df83d1b\" data-element_type=\"section\">\n\t\t\t\t\t\t<div class=\"elementor-container elementor-column-gap-default\">\n\t\t\t\t\t\t\t<div class=\"elementor-row\">\n\t\t\t\t\t<div class=\"elementor-column elementor-col-100 elementor-top-column elementor-element elementor-element-c7a12ec\" data-id=\"c7a12ec\" data-element_type=\"column\">\n\t\t\t<div class=\"elementor-column-wrap elementor-element-populated\">\n\t\t\t\t\t\t\t<div class=\"elementor-widget-wrap\">\n\t\t\t\t\t\t<div class=\"elementor-element elementor-element-55e9cfd elementor-widget elementor-widget-html\" data-id=\"55e9cfd\" data-element_type=\"widget\" data-widget_type=\"html.default\">\n\t\t\t\t<div class=\"elementor-widget-container\">\n\t\t\t<div class=\"wpforms-container \" id=\"wpforms-8\"><form id=\"wpforms-form-8\" class=\"wpforms-validate wpforms-form\" data-formid=\"8\" method=\"post\" enctype=\"multipart\/form-data\" action=\"\/index.php?rest_route=%2Fwp%2Fv2%2Fpages%2F16\" data-token=\"08b8983eabe9511a6c24e6c3a622ba9b\"><noscript class=\"wpforms-error-noscript\">Bitte aktiviere JavaScript in deinem Browser, um dieses Formular fertigzustellen.<\/noscript><div class=\"wpforms-field-container\"><div id=\"wpforms-8-field_18-container\" class=\"wpforms-field wpforms-field-text\" data-field-id=\"18\"><label class=\"wpforms-field-label\" for=\"wpforms-8-field_18\">Vor- und Nachname <span class=\"wpforms-required-label\">*<\/span><\/label><input type=\"text\" id=\"wpforms-8-field_18\" class=\"wpforms-field-medium wpforms-field-required\" name=\"wpforms[fields][18]\" required><\/div><div id=\"wpforms-8-field_17-container\" class=\"wpforms-field wpforms-field-text\" data-field-id=\"17\"><label class=\"wpforms-field-label\" for=\"wpforms-8-field_17\">E-Mail <span class=\"wpforms-required-label\">*<\/span><\/label><input type=\"text\" id=\"wpforms-8-field_17\" class=\"wpforms-field-medium wpforms-field-required\" name=\"wpforms[fields][17]\" required><\/div><div id=\"wpforms-8-field_13-container\" class=\"wpforms-field wpforms-field-text\" data-field-id=\"13\"><label class=\"wpforms-field-label\" for=\"wpforms-8-field_13\">Telefonnummer <span class=\"wpforms-required-label\">*<\/span><\/label><input type=\"text\" id=\"wpforms-8-field_13\" class=\"wpforms-field-medium wpforms-field-required\" name=\"wpforms[fields][13]\" required><\/div><div id=\"wpforms-8-field_15-container\" class=\"wpforms-field wpforms-field-select\" data-field-id=\"15\"><label class=\"wpforms-field-label\" for=\"wpforms-8-field_15\">Interesse an <span class=\"wpforms-required-label\">*<\/span><\/label><select id=\"wpforms-8-field_15\" class=\"wpforms-field-medium wpforms-field-required\" name=\"wpforms[fields][15]\" required=\"required\"><option value=\"Klassischer Hausnotruf\"  selected='selected'>Klassischer Hausnotruf<\/option><option value=\"Mobiler Notruf\" >Mobiler Notruf<\/option><option value=\"Hausnotruf Tablet\" >Hausnotruf Tablet<\/option><option value=\"Noch unklar\" >Noch unklar<\/option><\/select><\/div><div id=\"wpforms-8-field_11-container\" class=\"wpforms-field wpforms-field-textarea\" data-field-id=\"11\"><label class=\"wpforms-field-label\" for=\"wpforms-8-field_11\">Nachricht (optional)<\/label><textarea id=\"wpforms-8-field_11\" class=\"wpforms-field-medium\" name=\"wpforms[fields][11]\" ><\/textarea><\/div><div id=\"wpforms-8-field_12-container\" class=\"wpforms-field wpforms-field-checkbox\" data-field-id=\"12\"><ul id=\"wpforms-8-field_12\" class=\"wpforms-field-required\"><li class=\"choice-1 depth-1\"><input type=\"checkbox\" id=\"wpforms-8-field_12_1\" name=\"wpforms[fields][12][]\" value=\"Ich w\u00fcnsche eine kostenlose Beratung zum Hausnotruf f\u00fcr Senioren bzw. Notrufsysteme und habe die Datenschutzerkl\u00e4rung gelesen.\" required ><label class=\"wpforms-field-label-inline\" for=\"wpforms-8-field_12_1\">Ich w\u00fcnsche eine kostenlose Beratung zum Hausnotruf f\u00fcr Senioren bzw. Notrufsysteme und habe die Datenschutzerkl\u00e4rung gelesen.<\/label><\/li><\/ul><\/div><\/div><div class=\"wpforms-field wpforms-field-hp\"><label for=\"wpforms-8-field-hp\" class=\"wpforms-field-label\">Phone<\/label><input type=\"text\" name=\"wpforms[hp]\" id=\"wpforms-8-field-hp\" class=\"wpforms-field-medium\"><\/div><div class=\"wpforms-submit-container\"><input type=\"hidden\" name=\"wpforms[id]\" value=\"8\"><input type=\"hidden\" name=\"wpforms[author]\" value=\"1\"><button type=\"submit\" name=\"wpforms[submit]\" id=\"wpforms-submit-8\" class=\"wpforms-submit\" data-alt-text=\"Senden...\" data-submit-text=\"Absenden\" aria-live=\"assertive\" value=\"wpforms-submit\">Absenden<\/button><\/div><\/form><\/div>  <!-- .wpforms-container -->\t\t<\/div>\n\t\t\t\t<\/div>\n\t\t\t\t<div class=\"elementor-element elementor-element-456da08 elementor-widget elementor-widget-spacer\" data-id=\"456da08\" data-element_type=\"widget\" data-widget_type=\"spacer.default\">\n\t\t\t\t<div class=\"elementor-widget-container\">\n\t\t\t\t\t<div class=\"elementor-spacer\">\n\t\t\t<div class=\"elementor-spacer-inner\"><\/div>\n\t\t<\/div>\n\t\t\t\t<\/div>\n\t\t\t\t<\/div>\n\t\t\t\t<div class=\"elementor-element elementor-element-dc7bbf9 elementor-arrows-position-inside elementor-pagination-position-outside elementor-widget elementor-widget-image-carousel\" data-id=\"dc7bbf9\" data-element_type=\"widget\" data-settings=\"{&quot;navigation&quot;:&quot;both&quot;,&quot;autoplay&quot;:&quot;yes&quot;,&quot;pause_on_hover&quot;:&quot;yes&quot;,&quot;pause_on_interaction&quot;:&quot;yes&quot;,&quot;autoplay_speed&quot;:5000,&quot;infinite&quot;:&quot;yes&quot;,&quot;speed&quot;:500}\" data-widget_type=\"image-carousel.default\">\n\t\t\t\t<div class=\"elementor-widget-container\">\n\t\t\t\t\t<div class=\"elementor-image-carousel-wrapper swiper-container\" dir=\"ltr\">\n\t\t\t<div class=\"elementor-image-carousel swiper-wrapper\">\n\t\t\t\t\t\t\t\t<div class=\"swiper-slide\"><figure class=\"swiper-slide-inner\"><img decoding=\"async\" class=\"swiper-slide-image\" src=\"https:\/\/hausnotruf-fuer-senioren.de\/wp-content\/uploads\/2020\/01\/LIBIFYcare_S_Hausnotruf_MDM18-150x150.png\" alt=\"LIBIFYcare_S_Hausnotruf_MDM(1)8\" \/><\/figure><\/div><div class=\"swiper-slide\"><figure class=\"swiper-slide-inner\"><img decoding=\"async\" class=\"swiper-slide-image\" src=\"https:\/\/hausnotruf-fuer-senioren.de\/wp-content\/uploads\/2020\/01\/LIBIFYcare_GC5_Notrufarmband_RGB_oSchatten1-150x150.png\" alt=\"LIBIFYcare_GC5_Notrufarmband_RGB_oSchatten(1)\" \/><\/figure><\/div><div class=\"swiper-slide\"><figure class=\"swiper-slide-inner\"><img decoding=\"async\" class=\"swiper-slide-image\" src=\"https:\/\/hausnotruf-fuer-senioren.de\/wp-content\/uploads\/2020\/01\/DSC003521-150x150.jpg\" alt=\"DSC00352(1)\" \/><\/figure><\/div>\t\t\t<\/div>\n\t\t\t\t\t\t\t\t\t\t\t\t<div class=\"swiper-pagination\"><\/div>\n\t\t\t\t\t\t\t\t\t\t\t\t\t<div class=\"elementor-swiper-button elementor-swiper-button-prev\">\n\t\t\t\t\t\t<i aria-hidden=\"true\" class=\"eicon-chevron-left\"><\/i>\t\t\t\t\t\t<span class=\"elementor-screen-only\">Zur\u00fcck<\/span>\n\t\t\t\t\t<\/div>\n\t\t\t\t\t<div class=\"elementor-swiper-button elementor-swiper-button-next\">\n\t\t\t\t\t\t<i aria-hidden=\"true\" class=\"eicon-chevron-right\"><\/i>\t\t\t\t\t\t<span class=\"elementor-screen-only\">Weiter<\/span>\n\t\t\t\t\t<\/div>\n\t\t\t\t\t\t\t\t\t<\/div>\n\t\t\t\t<\/div>\n\t\t\t\t<\/div>\n\t\t\t\t<div class=\"elementor-element elementor-element-2eda2e2 elementor-widget elementor-widget-spacer\" data-id=\"2eda2e2\" data-element_type=\"widget\" data-widget_type=\"spacer.default\">\n\t\t\t\t<div class=\"elementor-widget-container\">\n\t\t\t\t\t<div class=\"elementor-spacer\">\n\t\t\t<div class=\"elementor-spacer-inner\"><\/div>\n\t\t<\/div>\n\t\t\t\t<\/div>\n\t\t\t\t<\/div>\n\t\t\t\t<div class=\"elementor-element elementor-element-8082261 elementor-widget elementor-widget-heading\" data-id=\"8082261\" data-element_type=\"widget\" data-widget_type=\"heading.default\">\n\t\t\t\t<div class=\"elementor-widget-container\">\n\t\t\t<h3 class=\"elementor-heading-title elementor-size-default\">Finden Sie jetzt ein passendes Notrufsystem f\u00fcr zu Hause und unterwegs<\/h3>\t\t<\/div>\n\t\t\t\t<\/div>\n\t\t\t\t<div class=\"elementor-element elementor-element-fcef0ff elementor-widget elementor-widget-text-editor\" data-id=\"fcef0ff\" data-element_type=\"widget\" data-widget_type=\"text-editor.default\">\n\t\t\t\t<div class=\"elementor-widget-container\">\n\t\t\t\t\t\t\t\t<div class=\"elementor-text-editor elementor-clearfix\">\n\t\t\t\t<p>Sichern Sie sich die M\u00f6glichkeit, sich oder einem Angeh\u00f6rigen den Wunsch nach einem selbstbestimmten, unabh\u00e4ngigen Leben zu erf\u00fcllen \u2013 in jedem Alter: Vergleichen Sie schnell und einfach Angebote von Notrufsystemen mit GPS-Ortung f\u00fcr ein sicheres Gef\u00fchl im Alltag. Mit einem Hausnotruf, mobilem Notruf oder einem Hausnotruf Tablet sind Sie zuhause und unterwegs rund um die Uhr nur einen Knopfdruck von Rettung im Notfall entfernt. Finden Sie in wenigen Schritten die Sicherheitsl\u00f6sung, die genau auf Ihre Bed\u00fcrfnisse zugeschnitten ist, und lassen Sie sich kostenlos und unverbindlich von Experten beraten.<\/p>\t\t\t\t\t<\/div>\n\t\t\t\t\t\t<\/div>\n\t\t\t\t<\/div>\n\t\t\t\t\t\t<\/div>\n\t\t\t\t\t<\/div>\n\t\t<\/div>\n\t\t\t\t\t\t\t\t<\/div>\n\t\t\t\t\t<\/div>\n\t\t<\/section>\n\t\t\t\t\t\t\t\t\t<\/div>\n\t\t\t<\/div>\n\t\t\t\t\t<\/div>\n\t\t","protected":false},"excerpt":{"rendered":"<p>Kostenlose Beratung Kontaktformular Zur\u00fcck Weiter Finden Sie jetzt ein passendes Notrufsystem f\u00fcr zu Hause und unterwegs Sichern Sie sich die M\u00f6glichkeit, sich oder einem Angeh\u00f6rigen den Wunsch nach einem selbstbestimmten, unabh\u00e4ngigen Leben zu erf\u00fcllen \u2013 in jedem Alter: Vergleichen Sie schnell und einfach Angebote von Notrufsystemen mit GPS-Ortung f\u00fcr ein sicheres Gef\u00fchl im Alltag. Mit &hellip;<\/p>\n<p class=\"read-more\"> <a class=\"\" href=\"https:\/\/hausnotruf-fuer-senioren.de\/?page_id=16\"> <span class=\"screen-reader-text\">Kostenlose Beratung<\/span> Weiterlesen &raquo;<\/a><\/p>\n","protected":false},"author":1,"featured_media":0,"parent":0,"menu_order":0,"comment_status":"closed","ping_status":"closed","template":"","meta":{"site-sidebar-layout":"default","site-content-layout":"page-builder","ast-global-header-display":"","ast-main-header-display":"","ast-hfb-above-header-display":"","ast-hfb-below-header-display":"","ast-hfb-mobile-header-display":"","site-post-title":"disabled","ast-breadcrumbs-content":"","ast-featured-img":"disabled","footer-sml-layout":"","theme-transparent-header-meta":"enabled","adv-header-id-meta":"","stick-header-meta":"","header-above-stick-meta":"","header-main-stick-meta":"","header-below-stick-meta":""},"yoast_head":"<!-- This site is optimized with the Yoast SEO plugin v20.1 - https:\/\/yoast.com\/wordpress\/plugins\/seo\/ -->\n<title>Kostenlose Beratung - Hausnotruf-f\u00fcr-Senioren.de<\/title>\n<meta name=\"robots\" content=\"index, follow, max-snippet:-1, max-image-preview:large, max-video-preview:-1\" \/>\n<link rel=\"canonical\" href=\"https:\/\/hausnotruf-fuer-senioren.de\/?page_id=16\" \/>\n<meta property=\"og:locale\" content=\"de_DE\" \/>\n<meta property=\"og:type\" content=\"article\" \/>\n<meta property=\"og:title\" content=\"Kostenlose Beratung - Hausnotruf-f\u00fcr-Senioren.de\" \/>\n<meta property=\"og:description\" content=\"Kostenlose Beratung Kontaktformular Zur\u00fcck Weiter Finden Sie jetzt ein passendes Notrufsystem f\u00fcr zu Hause und unterwegs Sichern Sie sich die M\u00f6glichkeit, sich oder einem Angeh\u00f6rigen den Wunsch nach einem selbstbestimmten, unabh\u00e4ngigen Leben zu erf\u00fcllen \u2013 in jedem Alter: Vergleichen Sie schnell und einfach Angebote von Notrufsystemen mit GPS-Ortung f\u00fcr ein sicheres Gef\u00fchl im Alltag. Mit &hellip; Kostenlose Beratung Weiterlesen &raquo;\" \/>\n<meta property=\"og:url\" content=\"https:\/\/hausnotruf-fuer-senioren.de\/?page_id=16\" \/>\n<meta property=\"og:site_name\" content=\"Hausnotruf-f\u00fcr-Senioren.de\" \/>\n<meta property=\"article:modified_time\" content=\"2020-06-10T19:17:29+00:00\" \/>\n<meta property=\"og:image\" content=\"http:\/\/hausnotruf-fuer-senioren.de\/wp-content\/uploads\/2020\/01\/LIBIFYcare_S_Hausnotruf_MDM18-150x150.png\" \/>\n<meta name=\"twitter:card\" content=\"summary_large_image\" \/>\n<meta name=\"twitter:label1\" content=\"Gesch\u00e4tzte Lesezeit\" \/>\n\t<meta name=\"twitter:data1\" content=\"1 Minute\" \/>\n<script type=\"application\/ld+json\" class=\"yoast-schema-graph\">{\"@context\":\"https:\/\/schema.org\",\"@graph\":[{\"@type\":\"WebPage\",\"@id\":\"https:\/\/hausnotruf-fuer-senioren.de\/?page_id=16\",\"url\":\"https:\/\/hausnotruf-fuer-senioren.de\/?page_id=16\",\"name\":\"Kostenlose Beratung - Hausnotruf-f\u00fcr-Senioren.de\",\"isPartOf\":{\"@id\":\"https:\/\/hausnotruf-fuer-senioren.de\/#website\"},\"datePublished\":\"2018-08-27T12:16:33+00:00\",\"dateModified\":\"2020-06-10T19:17:29+00:00\",\"breadcrumb\":{\"@id\":\"https:\/\/hausnotruf-fuer-senioren.de\/?page_id=16#breadcrumb\"},\"inLanguage\":\"de-DE\",\"potentialAction\":[{\"@type\":\"ReadAction\",\"target\":[\"https:\/\/hausnotruf-fuer-senioren.de\/?page_id=16\"]}]},{\"@type\":\"BreadcrumbList\",\"@id\":\"https:\/\/hausnotruf-fuer-senioren.de\/?page_id=16#breadcrumb\",\"itemListElement\":[{\"@type\":\"ListItem\",\"position\":1,\"name\":\"Startseite\",\"item\":\"https:\/\/hausnotruf-fuer-senioren.de\/\"},{\"@type\":\"ListItem\",\"position\":2,\"name\":\"Kostenlose Beratung\"}]},{\"@type\":\"WebSite\",\"@id\":\"https:\/\/hausnotruf-fuer-senioren.de\/#website\",\"url\":\"https:\/\/hausnotruf-fuer-senioren.de\/\",\"name\":\"Hausnotruf-f\u00fcr-Senioren.de\",\"description\":\"Das Infoportal zum Thema Notrufsysteme f\u00fcr Senioren\",\"potentialAction\":[{\"@type\":\"SearchAction\",\"target\":{\"@type\":\"EntryPoint\",\"urlTemplate\":\"https:\/\/hausnotruf-fuer-senioren.de\/?s={search_term_string}\"},\"query-input\":\"required name=search_term_string\"}],\"inLanguage\":\"de-DE\"}]}<\/script>\n<!-- \/ Yoast SEO plugin. -->","yoast_head_json":{"title":"Kostenlose Beratung - Hausnotruf-f\u00fcr-Senioren.de","robots":{"index":"index","follow":"follow","max-snippet":"max-snippet:-1","max-image-preview":"max-image-preview:large","max-video-preview":"max-video-preview:-1"},"canonical":"https:\/\/hausnotruf-fuer-senioren.de\/?page_id=16","og_locale":"de_DE","og_type":"article","og_title":"Kostenlose Beratung - Hausnotruf-f\u00fcr-Senioren.de","og_description":"Kostenlose Beratung Kontaktformular Zur\u00fcck Weiter Finden Sie jetzt ein passendes Notrufsystem f\u00fcr zu Hause und unterwegs Sichern Sie sich die M\u00f6glichkeit, sich oder einem Angeh\u00f6rigen den Wunsch nach einem selbstbestimmten, unabh\u00e4ngigen Leben zu erf\u00fcllen \u2013 in jedem Alter: Vergleichen Sie schnell und einfach Angebote von Notrufsystemen mit GPS-Ortung f\u00fcr ein sicheres Gef\u00fchl im Alltag. Mit &hellip; Kostenlose Beratung Weiterlesen &raquo;","og_url":"https:\/\/hausnotruf-fuer-senioren.de\/?page_id=16","og_site_name":"Hausnotruf-f\u00fcr-Senioren.de","article_modified_time":"2020-06-10T19:17:29+00:00","og_image":[{"url":"http:\/\/hausnotruf-fuer-senioren.de\/wp-content\/uploads\/2020\/01\/LIBIFYcare_S_Hausnotruf_MDM18-150x150.png"}],"twitter_card":"summary_large_image","twitter_misc":{"Gesch\u00e4tzte Lesezeit":"1 Minute"},"schema":{"@context":"https:\/\/schema.org","@graph":[{"@type":"WebPage","@id":"https:\/\/hausnotruf-fuer-senioren.de\/?page_id=16","url":"https:\/\/hausnotruf-fuer-senioren.de\/?page_id=16","name":"Kostenlose Beratung - Hausnotruf-f\u00fcr-Senioren.de","isPartOf":{"@id":"https:\/\/hausnotruf-fuer-senioren.de\/#website"},"datePublished":"2018-08-27T12:16:33+00:00","dateModified":"2020-06-10T19:17:29+00:00","breadcrumb":{"@id":"https:\/\/hausnotruf-fuer-senioren.de\/?page_id=16#breadcrumb"},"inLanguage":"de-DE","potentialAction":[{"@type":"ReadAction","target":["https:\/\/hausnotruf-fuer-senioren.de\/?page_id=16"]}]},{"@type":"BreadcrumbList","@id":"https:\/\/hausnotruf-fuer-senioren.de\/?page_id=16#breadcrumb","itemListElement":[{"@type":"ListItem","position":1,"name":"Startseite","item":"https:\/\/hausnotruf-fuer-senioren.de\/"},{"@type":"ListItem","position":2,"name":"Kostenlose Beratung"}]},{"@type":"WebSite","@id":"https:\/\/hausnotruf-fuer-senioren.de\/#website","url":"https:\/\/hausnotruf-fuer-senioren.de\/","name":"Hausnotruf-f\u00fcr-Senioren.de","description":"Das Infoportal zum Thema Notrufsysteme f\u00fcr Senioren","potentialAction":[{"@type":"SearchAction","target":{"@type":"EntryPoint","urlTemplate":"https:\/\/hausnotruf-fuer-senioren.de\/?s={search_term_string}"},"query-input":"required name=search_term_string"}],"inLanguage":"de-DE"}]}},"_links":{"self":[{"href":"https:\/\/hausnotruf-fuer-senioren.de\/index.php?rest_route=\/wp\/v2\/pages\/16"}],"collection":[{"href":"https:\/\/hausnotruf-fuer-senioren.de\/index.php?rest_route=\/wp\/v2\/pages"}],"about":[{"href":"https:\/\/hausnotruf-fuer-senioren.de\/index.php?rest_route=\/wp\/v2\/types\/page"}],"author":[{"embeddable":true,"href":"https:\/\/hausnotruf-fuer-senioren.de\/index.php?rest_route=\/wp\/v2\/users\/1"}],"replies":[{"embeddable":true,"href":"https:\/\/hausnotruf-fuer-senioren.de\/index.php?rest_route=%2Fwp%2Fv2%2Fcomments&post=16"}],"version-history":[{"count":18,"href":"https:\/\/hausnotruf-fuer-senioren.de\/index.php?rest_route=\/wp\/v2\/pages\/16\/revisions"}],"predecessor-version":[{"id":277,"href":"https:\/\/hausnotruf-fuer-senioren.de\/index.php?rest_route=\/wp\/v2\/pages\/16\/revisions\/277"}],"wp:attachment":[{"href":"https:\/\/hausnotruf-fuer-senioren.de\/index.php?rest_route=%2Fwp%2Fv2%2Fmedia&parent=16"}],"curies":[{"name":"wp","href":"https:\/\/api.w.org\/{rel}","templated":true}]}}